*4/24 + v**3/6 - v**2 + 5. Let k(u) be the second derivative of j(u). What is k(-6)?
-5
Let x(t) be the second derivative of t**3/3 + 2*t**2 + 3*t. What is x(4)?
12
Let q = 49 - 46. Let f(p) = 2 - 3*p**3 + 5*p**3 - 3*p**2 - 4*p - p**3. Calculate f(q).
-10
Let i be 4/26 + (-2)/13. Let y(f) = -f**3 - f**2 - f + 1. What is y(i)?
1
Let k(a) = a - 57*a**3 + 6*a**2 + 28*a**3 + 28*a**3 - 7. Give k(6).
-1
Let s(j) = 14 + 0*j + 11*j**2 - 24 - 5*j - j**3 - 3*j**2. What is s(7)?
4
Let h(u) = 290*u - 6 + 2*u**2 - u**2 - 291*u. Calculate h(5).
14
Let b(j) = -3*j**3 - 2*j + j**3 + j**2 - 1 + j**3. Suppose 0 = 2*c, 5*q - c - 25 = 3*c. Suppose -q*s = -4*u - 10, 0 = 5*s - 3*u - 2*u - 10. Determine b(s).
-9
Let q(j) = -j**3 + 3*j**2 + 4*j + 3. Let x(t) = t**2 - 2*t + 2. Let l be x(4). Let f be 1/(1/l) + 2. Let w be (-40)/12*f/(-10). Give q(w).
3
Let v be 2 - 2 - 30/(-1). Suppose v = 3*t + 2*t. Let s(l) = l**3 - 7*l**2 + 4*l + 7. Let r be s(t). Let b(j) = j + 1. Give b(r).
-4
Let g(o) = -o**3 + 8*o**2 + 9. Let s be g(8). Let d = -10 + s. Let z(l) = -7*l**3 + l**2. Give z(d).
8
Let f(p) be the first derivative of p**2/2 - p - 18. Give f(6).
5
Let b(a) be the third derivative of a**5/60 + a**4/3 + a**3 + a**2. Let t(v) = -v - 3. Let c be t(3). Calculate b(c).
-6
Let c(y) = 2*y**2 + 4*y - 3. Let k(r) = -r**2 - r. Let n(i) = -c(i) - k(i). What is n(-5)?
-7
Let p(j) be the first derivative of -j**3/3 + 2*j**2 + 1. What is p(5)?
-5
Let b(j) = j**2 - 7*j - 3. Let n = 160 - 152. What is b(n)?
5
Let c(r) be the first derivative of -r**2/2 - 2. Suppose 0*v - 25 = -5*v. Suppose -2*o = -v*t + 21, -7*t = -3*o - 4*t - 18. Determine c(o).
3
Let i be (5/(-2))/(2/4). Let b(q) be the second derivative of -q**3/6 + 8*q - 8. Calculate b(i).
5
Suppose -q - 2*q + 6 = 0. Let w(s) = 7*s**2 + 7*s + 1. Let u(y) = -3*y**2 - 3*y. Let v(h) = 5*u(h) + 2*w(h). Give v(q).
-4
Let t(j) be the third derivative of j**5/60 + j**4/4 + 6*j**2. Give t(-6).
0
Suppose 2*j = -3*l + 10, l = 4*j - 3*j. Let z(u) = -4*u. What is z(j)?
-8
Let m(u) = -4*u - 3. Suppose -2*x = -5*a - 26, a + 7 = 4*x - 9. Determine m(x).
-15
Let b(x) be the first derivative of x**3 + 63. Give b(-1).
3
Let g(v) = -7 + 2*v + 0 + 10*v**2 + v**3 - 4*v**2. Let t be 2/(-3) - (-33)/9. Suppose -s = -t*p + 8, -3 - 16 = 4*s + p. Calculate g(s).
8
Let s(t) = 2*t + 5. Let r be (-20)/(-15)*-3 + 0. Give s(r).
-3
Let x be (4/12)/(2/12). Let f(y) = y**3 - 3*y**2 + y - 1. Calculate f(x).
-3
Let z = 19 - 14. Suppose 0 = 5*o - 4*s - 24, -2*s - 12 = 5*o - 30. Let g(i) = 4 - 5 - 3 + i**2 - o*i. What is g(z)?
1
Let r = 6 - 6. Suppose 3*s + 2*s - 20 = r. Let n(i) = -12*i - s + 6*i + 3. Calculate n(-1).
5
Let y(a) = -2*a + 2. Let v be (3 + 0 + -2)*4. Suppose -2*d = v*p + 4 - 2, 3*d + 1 = -5*p. Calculate y(p).
6
Let p(q) = -q + 7. Let x be p(4). Let n(a) = 3*a + a - x*a - 4*a. Calculate n(-3).
9
Let m = 92 + -104. Let j(b) = -b**3 - 12*b**2 - 5. Calculate j(m).
-5
Let v(d) = -2*d**2 + 2*d. Let n be v(2). Let m be 6/n*(-30)/9. Let c(h) = -2 - 4*h + m*h + 5. Determine c(0).
3
Let w(v) = -4*v**2 - 4*v. Let d(r) = -3*r**2 - 4*r - 1. Let s(q) = -3*d(q) + 2*w(q). What is s(-4)?
3
Let m(r) = -3*r - 1. Let h(o) = o - 12. Let f be h(10). What is m(f)?
5
Let t(y) = -7*y + 15. Let d(f) = 4*f - 8. Let z(r) = 5*d(r) + 3*t(r). Give z(0).
5
Let p(b) = 8*b**3 - 9*b**2 + 13*b + 11. Let v(n) = 4*n**3 - 5*n**2 + 7*n + 6. Let c(a) = 6*p(a) - 11*v(a). Give c(-1).
-4
Let p(w) = w - 10. Let r be p(9). Let o(v) = -8*v**2 + v. Calculate o(r).
-9
Let h = -38 - -33. Let r(f) be the second derivative of -f**3/3 - 3*f**2 - 5*f. What is r(h)?
4
Let v(t) = t**2 - t + 1. Let k(x) = -10*x**2 + 6*x - 10. Let i = -5 - -4. Let y(z) = i*k(z) - 12*v(z). Determine y(4).
-10
Let w(n) = -4*n**2 - 2*n. Let f be (-4)/6*(1 + -4 + 0). Give w(f).
-20
Let u be 2/(-2 + 4) + 4. Suppose 2*o - a = -11, 4*a - 31 = u*o - 2. Let w = o - -8. Let d(n) = n**3 - 3*n**2 + 4*n - 4. Calculate d(w).
8
Let r(d) be the second derivative of -d**3/6 - d**2 + 6*d. Suppose -16 = -2*j - 2*j. Determine r(j).
-6
Suppose 2*n - 6 = 5*n. Let h(v) = -27*v + 2 + 10*v + 15*v. Give h(n).
6
Suppose -2*f = 5*a - 13, 2*a - f + 5 = 3*a. Let m(l) be the third derivative of 4*l**2 + 2/15*l**5 + 1/12*l**4 + 0 - 1/6*l**3 + 0*l. What is m(a)?
9
Let g(b) = -b**3 + 6*b**2 - 3. Let w(y) = -y**3 + 6*y**2 + y. Suppose q - 24 = -3*q. Let t be w(q). Give g(t).
-3
Suppose 2*i - 16 + 26 = 0. Let h(r) = -r**3 - 6*r**2 - 5*r + 4. Give h(i).
4
Let c(j) = -3*j**2 - 3*j - 1. Let z be ((-5 - 2) + -3)*1. Let b = -5 - z. Suppose -b*f = 7 + 3. Give c(f).
-7
Let l(k) = k + 7. Let z(r) = 2*r + 21. Let t(s) = -7*l(s) + 2*z(s). What is t(-6)?
11
Let w = 5 - 5. Suppose -2*y - 5 = -7*y. Let r(i) = -5*i**3 + i**2 - 6*i + 3. Let q(f) = -f**3 - f. Let t(j) = y*r(j) - 6*q(j). Give t(w).
3
Let r(a) = -a**3 - a**2 - a + 6. Let g be r(0). Let w(u) = 10*u**2 - 7*u + 167*u**3 - 3*u**2 - 168*u**3 + 7. What is w(g)?
1
Let a = -11 + 11. Suppose a = 2*v + v - 2*z + 22, 0 = v - 5*z + 29. Let l(c) = -5 + 0*c**2 + 2*c + 3*c**2 - 6*c**2 - c**3. What is l(v)?
3
Let l(n) = -n - 6. Let b be l(-6). Let j(o) = b*o + 4 - 3*o + 2*o. Let f = 134 + -128. What is j(f)?
-2
Suppose -2*p - 1 = 1. Let t(i) = i**3 + 2*i**2 + 2*i + 1. Calculate t(p).
0
Let g(l) = 2*l**3 - 2*l**2 + l - 2. Let i(c) = -c**2 - 6*c + 2. Suppose -2*t + 5 = 1, 3*z + 5*t = -8. Let u be i(z). Give g(u).
8
Let t(i) = i**2 + 6*i - 5. Suppose 5*o - 2 = 4*o. Suppose -a = o*a - 6, -4 = -2*f - 2*a. Suppose f = -0*u - u - 5. Calculate t(u).
-10
Suppose -3*s - 3*s = 0. Let c(d) be the second derivative of -d**5/120 - 3*d**4/8 - d**3/6 - d. Let g(u) be the second derivative of c(u). Determine g(s).
-9
Let v(w) = -w**2 - 7*w - 16. Let m be v(-5). Let j(u) = u**2 + 5*u + 5. Determine j(m).
11
Let o(b) = 2*b - 13*b**2 + 1 - 3 - 1 + 2. What is o(1)?
-12
Let h be 4/6*9/36. Let x(r) be the second derivative of -h*r**3 + r**2 - r + 0. What is x(4)?
-2
Suppose 0 = -3*k - 29 + 2. Let c be 9/1*6/k. Let s(u) = u**2 + 6*u - 3. What is s(c)?
-3
Let o(r) = -6 + 0 + 2*r**2 - 5 - 15*r + 3. Let m(l) = l**2 - 7*l - 4. Let t(i) = 5*m(i) - 2*o(i). Calculate t(6).
2
Let p(o) be the first derivative of o**3/3 + 5*o**2 + 7*o - 1. Give p(-10).
7
Let k(s) be the third derivative of 0*s + 2/3*s**3 - 2*s**2 + 1/24*s**4 + 0. Determine k(-3).
1
Suppose 0 = -4*j - 8 + 20. Let l(c) = c**3 - 4*c**2 - 3. Give l(j).
-12
Let v(r) be the second derivative of 5*r**3/6 + r**2 - r. Let j be (-1 + -2)*1 + 1. What is v(j)?
-8
Let o be 64/28 + 3/42*-4. Let q(x) = -2*x**3 + x**2 + 3*x - 1. Determine q(o).
-7
Let j(q) be the third derivative of q**4/6 - 4*q**3/3 - 28*q**2. Determine j(6).
16
Let d(y) = y**2 + 6 + y - 6. Let x be d(1). Let w(h) = -3*h + 1. What is w(x)?
-5
Let i(l) = 3*l**2 - l - 1. Let z = 17 - 15. Calculate i(z).
9
Let r(y) = -1 + y**3 + y**2 - 2*y - 5*y**2 + y - 4. Determine r(4).
-9
Let m(t) = 7*t**2 - 8*t + 10. Let l(f) = 8*f**2 - 9*f + 11. Let y(g) = 6*l(g) - 7*m(g). Let b = -5 + 10. Suppose -4*p = -b*p + 3. Give y(p).
-7
Suppose -4*c + 1 = g + 3, 3*c - 2*g = 4. Let l(j) = -j**3 - 13. Determine l(c).
-13
Suppose -3*b + 12 + 4 = p, 3*b = -3*p + 24. Let s(a) = 0*a - a + 2*a**3 + a**2 + 2 - a**3 - p. Suppose 4*k = -0*k - d + 5, 5*d - 25 = -2*k. Determine s(k).
-2
Let j(v) = 4*v - 1. Let b = -1 - -3. Determine j(b).
7
Let q(i) = 10*i. Suppose a - 3*l = 5, -a - 3*a + 3*l = -11. Suppose -1 = a*j - 3. Give q(j).
10
Let j(b) = -b**3 + 10*b**2 - b + 9. Let k be j(10). Let i = k + -3. Let c(t) be the second derivative of -t**3/3 - 5*t**2/2 + t. Determine c(i).
3
Let k(v) = -4*v**2 - 1 - 2*v + 5*v**2 - 8*v. Let i be k(10). Let w(x) = -2*x + 1. Determine w(i).
3
Let o(i) = -i**3 - 5*i**2 - 13*i - 2. Let s(q) = -q**2 + q - 1. Let p(f) = o(f) + 4*s(f). Give p(-8).
2
Let g(v) be the second derivative of -v**3/6 - 2*v**2 - 21*v. Determine g(-4).
0
Let j(x) = -x**3 + 4*x**2 - 2*x - 3. Let k be -2 + 3 + (-1 - -1). Let d be (k + 5)/(-6 + 8). Suppose 8*l = 3*u + 4*l - 21, l + d = 0. Calculate j(u).
0
Let v(o) = 1 + 10*o - 6*o - 3*o. Suppose 4*q - 2 - 14 = 0. Suppose n = -q*n - 5. What is v(n)?
0
Suppose 0*w + 16 = 4*w. Let l be 2 + (-1)/(-1) + 0. Let i(r) = -2*r + l - 6 + 8 - r. What is i(w)?
-7
Let l(s) be the third derivative of -s**6/10 - s**5/60 - s**4/24 - s**3